is -16 (base 7) in base 5?
-23
What is -4 (base 5) in base 11?
-4
What is 232 (base 4) in base 8?
56
What is -1 (base 15) in base 14?
-1
Convert 11 (base 2) to base 15.
3
Convert -4 (base 9) to base 2.
-100
Convert 5 (base 14) to base 11.
5
2 (base 10) to base 3
2
2 (base 9) to base 3
2
What is -4 (base 16) in base 6?
-4
What is -65 (base 16) in base 13?
-7a
Convert -1 (base 14) to base 16.
-1
Convert 4 (base 11) to base 15.
4
36 (base 12) to base 9
46
Convert 11111010 (base 2) to base 4.
3322
What is -25 (base 8) in base 13?
-18
What is 213 (base 4) in base 3?
1110
-45 (base 14) to base 6
-141
Convert -10 (base 2) to base 6.
-2
20 (base 12) to base 4
120
Convert -41 (base 7) to base 5.
-104
-6e (base 15) to base 3
-10212
What is -2 (base 3) in base 8?
-2
3 (base 16) to base 10
3
What is -1 (base 9) in base 16?
-1
What is -6 (base 8) in base 6?
-10
0 (base 15) to base 2
0
-10 (base 3) to base 10
-3
-7 (base 11) to base 16
-7
What is 1 (base 13) in base 16?
1
Convert -14 (base 5) to base 11.
-9
Convert -64 (base 13) to base 3.
-10001
-2 (base 12) to base 5
-2
4 (base 9) to base 3
11
Convert -5 (base 13) to base 9.
-5
359 (base 10) to base 2
101100111
-1 (base 16) to base 13
-1
-431 (base 5) to base 3
-11022
Convert -13 (base 16) to base 3.
-201
0 (base 15) to base 12
0
What is 52 (base 12) in base 10?
62
-83 (base 14) to base 6
-311
-11011 (base 2) to base 16
-1b
Convert 0 (base 16) to base 10.
0
What is 3 (base 5) in base 12?
3
3 (base 11) to base 15
3
-4 (base 13) to base 12
-4
4 (base 10) to base 14
4
-563 (base 8) to base 5
-2441
6 (base 12) to base 9
6
What is 200 (base 6) in base 5?
242
What is -10 (base 12) in base 7?
-15
1b (base 15) to base 9
28
What is -1 (base 5) in base 2?
-1
Convert -1 (base 8) to base 3.
-1
1 (base 16) to base 7
1
-15 (base 8) to base 3
-111
What is 1 (base 4) in base 6?
1
What is 1 (base 16) in base 7?
1
31 (base 4) to base 7
16
2 (base 9) to base 3
2
What is 20 (base 13) in base 10?
26
16 (base 8) to base 13
11
Convert -11 (base 14) to base 10.
-15
1 (base 15) to base 7
1
-10 (base 6) to base 2
-110
Convert -10210 (base 3) to base 7.
-204
Convert -22 (base 10) to base 14.
-18
19 (base 12) to base 2
10101
-3 (base 5) to base 9
-3
Convert -344 (base 5) to base 2.
-1100011
Convert -100220 (base 3) to base 9.
-326
2b (base 15) to base 6
105
19 (base 10) to base 8
23
-11 (base 3) to base 8
-4
642 (base 8) to base 11
350
Convert -7 (base 10) to base 15.
-7
Convert 53 (base 7) to base 4.
212
What is 221 (base 8) in base 12?
101
3 (base 7) to base 16
3
90 (base 13) to base 12
99
1 (base 15) to base 9
1
Convert -3 (base 12) to base 6.
-3
1102 (base 3) to base 13
2c
What is -3 (base 10) in base 5?
-3
-53 (base 11) to base 4
-322
Convert 4 (base 8) to base 3.
11
Convert 11121 (base 3) to base 4.
1330
-3 (base 4) to base 7
-3
Convert 6 (base 15) to base 7.
6
Convert 1d (base 16) to base 5.
104
Convert -233 (base 9) to base 6.
-520
4 (base 14) to base 8
4
-14 (base 8) to base 12
-10
-3201 (base 4) to base 11
-195
What is 10011 (base 2) in base 11?
18
4 (base 14) to base 11
4
What is -312 (base 4) in base 6?
-130
-49 (base 14) to base 8
-101
Convert -1021 (base 3) to base 4.
-202
What is 3 (base 14) in base 8?
3
Convert -101 (base 2) to base 16.
-5
-44 (base 14) to base 9
-66
Convert 21 (base 5) to base 16.
b
-420 (base 6) to base 2
-10011100
-10 (base 3) to base 15
-3
Convert 4c (base 15) to base 16.
48
What is 112 (base 10) in base 6?
304
-2011 (base 4) to base 5
-1013
Convert -259 (base 10) to base 4.
-10003
What is -2222 (base 3) in base 8?
-120
Convert -2 (base 6) to base 9.
-2
28 (base 10) to base 11
26
-25 (base 9) to base 4
-113
What is 4 (base 16) in base 7?
4
What is 1003 (base 4) in base 9?
74
What is -a (base 14) in base 6?
-14
-35 (base 6) to base 7
-32
Convert -2011 (base 3) to base 6.
-134
-310 (base 4) to base 14
-3a
-14 (base 5) to base 13
-9
What is 1202 (base 3) in base 10?
47
Convert -8 (base 10) to base 13.
-8
Convert -90 (base 10) to base 12.
-76
What is -42 (base 7) in base 4?
-132
3 (base 6) to base 10
3
What is 11111 (base 2) in base 16?
1f
Convert -25 (base 16) to base 5.
-122
1012 (base 4) to base 13
55
What is 7 (base 12) in base 16?
7
Convert 0 (base 5) to base 13.
0
What is 22 (base 9) in base 13?
17
What is -230 (base 6) in base 14?
-66
-1 (base 10) to base 14
-1
Convert -7 (base 15) to base 12.
-7
Convert -40 (base 6) to base 12.
-20
-5 (base 8) to base 10
-5
What is -11 (base 3) in base 14?
-4
What is 4 (base 7) in base 11?
4
Convert 173 (base 11) to base 12.
149
5 (base 14) to base 16
5
Convert 7 (base 9) to base 16.
7
What is -1c (base 16) in base 13?
-22
What is -1e (base 15) in base 5?
-104
Convert -3b (base 12) to base 10.
-47
What is 0 (base 4) in base 14?
0
Convert -5 (base 11) to base 9.
-5
What is -2 (base 14) in base 15?
-2
What is 1011 (base 2) in base 5?
21
What is 1111110 (base 2) in base 14?
90
4c (base 14) to base 4
1010
What is 20 (base 3) in base 4?
12
What is -100 (base 2) in base 4?
-10
Convert 1 (base 7) to base 14.
1
What is 21 (base 3) in base 10?
7
10010101 (base 2) to base 16
95
What is 10 (base 13) in base 7?
16
What is 80 (base 10) in base 6?
212
Convert -2 (base 14) to base 11.
-2
What is 1 (base 15) in base 4?
1
What is -11 (base 5) in base 7?
-6
What is -11 (base 10) in base 4?
-23
-6 (base 14) to base 3
-20
Convert 1a (base 15) to base 4.
121
Convert -113 (base 5) to base 9.
-36
-380 (base 9) to base 4
-10323
What is 52 (base 16) in base 3?
10001
Convert -1 (base 3) to base 10.
-1
Convert -1 (base 13) to base 8.
-1
What is -150 (base 10) in base 16?
-96
What is -1 (base 7) in base 10?
-1
What is -46 (base 7) in base 5?
-114
-3 (base 6) to base 11
-3
305 (base 7) to base 13
b9
-1 (base 4) to base 5
-1
Convert 1012 (base 3) to base 14.
24
-18 (base 12) to base 16
-14
What is 36 (base 13) in base 2?
101101
Convert -7 (base 11) to base 9.
-7
3 (base 12) to base 7
3
Convert -16 (base 7) to base 5.
-23
What is 2 (base 12) in base 11?
2
What is -54 (base 6) in base 2?
-100010
Convert 4 (base 9) to base 12.
4
Convert -5 (base 11) to base 13.
-5
Convert -22 (base 7) to base 3.
-121
What is a (base 12) in base 7?
13
Convert 0 (base 14) to base 5.
0
4 (base 11) to base 3
11
-1010 (base 2) to base 15
-a
Convert 91 (base 14) to base 10.
127
Convert 3 (base 11) to base 2.
11
Convert 2 (base 10) to base 8.
2
-15 (base 7) to base 11
-11
-11 (base 15) to base 16
-10
0 (base 16) to base 5
0
Convert -a (base 16) to base 9.
-11
-22 (base 4) to base 14
-a
-1 (base 11) to base 15
-1
What is 2 (base 6) in base 4?
2
Convert -3 (base 8) to base 10.
-3
What is -8 (base 11) in base 4?
-20
a8 (base 12) to base 16
80
0 (base 15) to base 7
0
-314 (base 7) to base 14
-b4
Convert 3 (base 8) to base 10.
3
What is -31 (base 6) in base 9?
-21
b0 (base 13) to base 16
8f
What is 2 (base 12) in base 11?
2
Convert -a3 (base 14) to base 13.
-b0
Convert 1 (base 15) to base 16.
1
What is -11 (base 2) in base 10?
-3
What is d (base 16) in base 6?
21
What is -5 (base 12) in base 14?
-5
What is 125 (base 12) in base 5?
1143
What is 1 (base 9) in base 12?
1
-c (base 14) to base 5
-22
2 (base 4) to base 11
2
16 (base 11) to base 2
10001
What is -110100 (base 2) in base 8?
-64
What is -24 (base 11) in base 12?
-22
0 (base 12) to base 3
0
Convert 2 (base 10) to base 7.
2
What is -11010000 (base 2) in base 8?
-320
Convert -3 (base 10) to base 8.
-3
Convert -163 (base 7) to base 2.
-1011110
Convert 37 (base 12) to base 6.
111
Convert 1010000 (base 2) to base 3.
2222
What is 120 (base 10) in base 16?
78
What is 14 (base 9) in base 15?
d
What is 120022 (base 3) in base 4?
12131
Convert 331 (base 5) to base 3.
10101
What is b (base 13) in base 9?
12
0 (base 10) to base 11
0
-b2 (base 14) to base 11
-132
What is 7 (base 13) in base 11?
7
11000 (base 2) to base 16
18
Convert -1011 (base 2) to base 16.
-b
Convert -11101 (base 2) to base 6.
-45
What is 406 (base 9) in base 13?
1c5
-97 (base 12) to base 7
-223
Convert -8b (base 15) to base 14.
-95
Convert -2 (base 7) to base 4.
-2
Convert 4 (base 16) to base 15.
4
-57 (base 10) to base 16
-39
Convert -66 (base 13) to base 14.
-60
11 (base 10) to base 7
14
What is -6 (base 14) in base 9?
-6
Convert 111 (base 2) to base 9.
7
What is 22 (base 3) in base 5?
13
20 (base 4